-8*m + 183 + 73. Let i be m/12 + 3/9. Suppose 0 = i*d + 3*d - 72. What is the units digit of d?
2
Let v = -10904 - -19821. What is the thousands digit of v?
8
Let o = -89 - -110. Suppose -3*l - 1 = 5*k - o, -l = 0. Suppose 840 = 10*b + k*b. What is the tens digit of b?
6
Let d be ((-446)/(-3))/(0 + 15/315). Let g = d - 1371. What is the thousands digit of g?
1
What is the thousands digit of (0 + 286215/25)/(60/100)?
9
Suppose -4*o = 140 - 444. Suppose -72*m = -o*m + 3836. What is the hundreds digit of m?
9
Let s = -266 - -89. Let f = 424 + s. Suppose -3*y - y = -n - 330, -3*y + f = -n. What is the units digit of y?
3
Let g be 5*(-6*(-4)/(-20) + 2). Suppose s = 2*k - 33 + 354, 1305 = g*s - k. What is the units digit of s?
7
Let q(x) = 2*x**3 + 6*x**2 + 5*x + 4. Let h be q(-5). Let l = 42 + -100. Let a = l - h. What is the tens digit of a?
6
Let x = 31819 - 20331. What is the tens digit of x?
8
Let s = 47 - 42. Let t(j) = -s + 4 + 4 + j + 8. What is the units digit of t(-6)?
5
Let g(z) = -z**3 - z**2 - 5. Let h be g(0). Let v be (3 + (h - -5))/(3/206). Let i = -101 + v. What is the tens digit of i?
0
Let j be (93 + 2)*(7 - 6). Let x = -48 - j. Let u = x - -233. What is the units digit of u?
0
Let h(c) = -49*c + 17. Suppose -k = 3*m + 16, 45*k - 10 = 43*k. What is the tens digit of h(m)?
6
Suppose 3*d - 267 = 3*r, r - 2*d + 267 = -2*r. Let o = 424 + r. Suppose -3*l + 8*l = o. What is the tens digit of l?
6
Suppose -4*j - 5*j = -36. Suppose 9*h = j*h - 15. What is the tens digit of (-386)/h + (-80)/(-24) + -4?
2
Let k = -1315 + 4503. What is the tens digit of k?
8
Suppose 7*o + 3008 = 15*o. Let w = -148 + o. What is the tens digit of w?
2
Suppose -141887 = -3*h + 2*g, -3*h - 2145*g + 2146*g = -141889. What is the tens digit of h?
9
Suppose -88*p = -83*p - 21140. What is the thousands digit of p?
4
Let x = -18494 - -66946. What is the thousands digit of x?
8
Let v = -162 + 185. Suppose v*i - 1356 = 17*i. What is the units digit of i?
6
Let d(o) = -22393*o - 303. What is the ten thousands digit of d(-1)?
2
Suppose 3*f - f = -4*r + 6, -3*f + 29 = r. Suppose -15*i + 67032 = 10*i + 24*i. Suppose -4437 = -f*u - i. What is the tens digit of u?
7
Let c(i) = -i**2 + 2*i + 148. Let w be c(0). Let h = w - 73. What is the units digit of h?
5
Suppose 3*a = 12 - 0. Suppose 0 = 2*v + a*d - 10, v - 2*d = -7*d + 11. What is the units digit of v?
1
What is the tens digit of 1/(90/665352) + 8/(-10)?
9
Let s(x) = -3*x**3 - 40*x**2 - 18*x - 13. Let n be s(-13). Let b = -439 - -306. Let q = n - b. What is the tens digit of q?
8
Let u be (5/(-5) - 5) + 10. Suppose -5*f + 73 = -2*t, -7*t = -u*f - 3*t + 56. What is the tens digit of f?
1
Suppose 150*t - 24*t = 6405588. What is the units digit of t?
8
Suppose -7*r + 9*r = 4*z - 6964, 5*r - 3470 = -2*z. What is the units digit of z?
0
Let k(r) be the third derivative of -r**5/60 + 29*r**4/12 + 5*r**3/2 - 55*r**2. What is the tens digit of k(30)?
5
Let y(m) = 3*m**2 + 5*m - 5. Let a be y(3). Let z = 361 + a. What is the units digit of z?
8
Let c be (1 - (-9)/(-15))*(-10 - -20). What is the units digit of (-43340)/(-90) + c/9?
2
Let z(g) = -459*g**2 + 2*g + 1. Let n be z(-1). Let d = 690 + n. What is the units digit of d?
0
Suppose x + 3090 - 2827 = 8151. What is the hundreds digit of x?
8
Suppose -14*m + 18*m = 2*v + 134882, v + 101166 = 3*m. What is the units digit of m?
5
Let x(v) = -66*v + 8. Let q be x(8). Let n = q + 600. What is the units digit of n?
0
Suppose 816 = 11*u - 372. Let b = 8 + -2. Suppose 3*m - 320 = 4*g, m + g + b = u. What is the tens digit of m?
0
Let v = -34 + -1. Let s = 87 + v. What is the tens digit of s?
5
Let a(x) = -x**2 - 12*x + 1. Let t(g) = g**3 - g**2 - g - 11. Let r be (-1 - -1)/(-3 + 5). Let o be t(r). What is the units digit of a(o)?
2
Let w(y) = -6*y**3 + 11*y**2 - 11*y + 15. Let d(k) = 5*k**3 - 8*k**2 + 10*k - 13. Let z(m) = -4*d(m) - 3*w(m). What is the units digit of z(-7)?
3
Let c be 1*(-2)/(-7) + (-185)/35. Let x(z) = 6*z**3 - 12*z + 5. Let u(q) = -q**3. Let w(k) = c*u(k) - x(k). What is the hundreds digit of w(-7)?
2
Let b = 2376 + -507. Suppose 0 = z - 5*i - b, 255 + 3467 = 2*z - 2*i. What is the units digit of z?
9
Let r(g) = g**3 + 59*g**2 + 259*g + 202. What is the hundreds digit of r(-41)?
8
Suppose -55597 = -2*w + a, -64*w - 5*a - 111173 = -68*w. What is the ten thousands digit of w?
2
Let j = 142 - 87. Let r = 117 - j. What is the units digit of r?
2
Suppose -18414 + 151374 = 12*w. What is the ten thousands digit of w?
1
Let j be 3/(-1) + 8 + (-1)/1. Let g be (41*1/j)/((-1)/(-4)). Let u = 56 - g. What is the units digit of u?
5
Let r(h) = -h**3 + 12*h**2 - 4*h - 10. Let c be r(13). Let x = c - -442. What is the tens digit of x?
1
Let x(j) = -2*j**3 - 102*j**2 + 87*j + 411. What is the ten thousands digit of x(-60)?
5
Let h be (-1 + -1)/(-2) - -1*1. Let g be (-10)/(-75) - h/15. Suppose g = 8*i - 210 - 214. What is the tens digit of i?
5
Let r = 19845 + -3524. What is the units digit of r?
1
Let k = 51571 + -34102. What is the thousands digit of k?
7
Let p(t) = -19*t + 155. Let w be p(8). What is the tens digit of 6*(-340)/(-36) - (-1)/w?
5
Let i(a) = a**3 + a**2 + 92. Suppose 7*q + q = 6*q. Let d be i(q). What is the tens digit of d + 18/10 + 2/10?
9
Suppose 4*b = -a + 2, -3*b + 2 = 5*a - 8. Let n(y) = 1 - 53*y**a + 71*y**2 + 2. What is the tens digit of n(-2)?
7
Suppose 2*r - c = -3*r + 2735, -2*r - 5*c = -1067. Suppose -r*n + 1920 = -538*n. What is the tens digit of n?
4
Suppose 8*b - 25 + 9 = 0. Let j(t) = 5 + 2 - 2 + 11*t + 5*t + t**3 - 14*t**b. What is the tens digit of j(13)?
4
Suppose -2076*u - 54240 = -2106*u. What is the hundreds digit of u?
8
Let p(m) = -m**3 + 11*m**2 + 2*m - 6. Let s be p(11). Let h be (1 + 1)/(8/s). Suppose v - 3*l = 5*v - 222, h*v - 218 = -l. What is the tens digit of v?
5
Suppose -3641812 = -134*a + 439158. What is the tens digit of a?
5
What is the ten thousands digit of 3927825/138 - 9/(-2)?
2
Suppose 0 = 81*y - 104*y + 52233. What is the hundreds digit of y?
2
Let f(z) = z**2 - z - 13. Let y be f(-4). What is the tens digit of -6 + (-5 + 4667)/y?
6
Let i(v) = -v**3 + 4*v**2 - v - 3. Let t be i(3). Suppose t*o - 3 = -9, -3*o = 2*j + 214. Let b = j - -114. What is the units digit of b?
0
Suppose -5*n - 4*x + 9253 = -37208, 27873 = 3*n + 3*x. What is the tens digit of n?
9
Let s(t) = -209*t**2 - 205*t**2 - 6*t**3 + 634*t**2 - 215*t**2 + 8 + 28*t. What is the hundreds digit of s(-4)?
3
Let d(a) = -11*a**2 + 1. Let o be d(-1). What is the tens digit of 6/o - (-10486)/10?
4
What is the units digit of 24/108 - (-4 + (-432125)/(-45))/(-1)?
9
Let z = -4181 - -6286. What is the thousands digit of z?
2
Suppose -285*n = -95*n - 201590. What is the tens digit of n?
6
Let j = -11326 + 19199. Suppose -20*i = -3227 - j. What is the tens digit of i?
5
Let m = -4736 - -6416. What is the hundreds digit of m?
6
Let q = 612 - 284. Suppose 0 = -c - 3*c - 672. Let x = q + c. What is the hundreds digit of x?
1
Let k = 688 - 697. Let n(j) = 4*j**3 + 8*j**2 + 7*j - 11. Let q(o) = -3*o**3 - 9*o**2 - 7*o + 10. Let b(r) = -2*n(r) - 3*q(r). What is the tens digit of b(k)?
9
Let r = -162 - -397. Let l = r + -21. What is the tens digit of l?
1
Suppose 51*u = 121*u + 108*u - 4132626. What is the hundreds digit of u?
2
Let c(f) = f**3 - f**2 - 21*f + 11958. What is the thousands digit of c(0)?
1
Let g(k) = 3*k**3 + 116*k**2 - 47*k + 59. What is the hundreds digit of g(-35)?
1
Suppose -4*x = -35*c + 31*c - 96, -3*c + 80 = 5*x. Suppose -22*a = -x*a - 3360. What is the hundreds digit of a?
1
Let v(u) be the third derivative of -23*u**2 + 3/2*u**3 + 0*u - 1/60*u**5 + 0 + 0*u**4. What is the units digit of v(0)?
9
Suppose 0 = -3*s - 4*y + 71, 7*s - 3*y = 3*s + 78. Suppose -16*r = -s*r. Let x(p) = p**2 + 2*p + 102. What is the hundreds digit of x(r)?
1
Let k(h) = -7*h - 33. Let l be k(-5). Suppose 976 = 3*q - 2*x, -l*q + 14*x = 12*x - 650. What is the units digit of q?
6
Let k = -7114 - -11118. What is the tens digit of k?
0
Let x(i) = -i + 1. Let d be x(2). Let z be d - (-6 + (3 - 3)). Suppose -c = -3*y + 7*y - 26, -3*c + 50 = z*y. What is the units digit of c?
0
Let l = -408 - -414. Suppose -l + 12 = -2*h, 0 = z - 2*h - 1398. What is the tens digit of z?
9
Let m = 33 - -166.